{"id":979,"date":"2024-07-08T21:57:44","date_gmt":"2024-07-08T21:57:44","guid":{"rendered":"https:\/\/waifusonorense.com\/tienda\/?post_type=product&#038;p=979"},"modified":"2025-07-08T00:20:04","modified_gmt":"2025-07-08T00:20:04","slug":"black-clover-n-13-2","status":"publish","type":"product","link":"https:\/\/waifusonorense.com\/tienda\/product\/black-clover-n-13-2\/","title":{"rendered":"Black clover N.13"},"content":{"rendered":"","protected":false},"excerpt":{"rendered":"<p>\u00a1Por fin inicia el examen de los Caballeros Reales para seleccionar al escuadr\u00f3n m\u00e1s poderoso! El desaf\u00edo es un torneo de destrucci\u00f3n de cristales entre grupos de tres personas. Asta queda en el mismo equipo que Mimosa y Xerx, quien tiene problemas de car\u00e1cter. Participan en la primera competencia, \u00a1pero reciben un ataque feroz del equipo contrario y acaban en una situaci\u00f3n cr\u00edtica! En la segunda competencia, \u00a1el hermano de Mimosa se presenta esplendorosamente!<\/p>\n","protected":false},"featured_media":1608,"comment_status":"open","ping_status":"closed","template":"","meta":{"_monsterinsights_skip_tracking":false,"_monsterinsights_sitenote_active":false,"_monsterinsights_sitenote_note":"","_monsterinsights_sitenote_category":0},"product_brand":[],"product_cat":[62,33],"product_tag":[63],"class_list":{"0":"post-979","1":"product","2":"type-product","3":"status-publish","4":"has-post-thumbnail","6":"product_cat-black-clover","7":"product_cat-mangas","8":"product_tag-black-clover","10":"first","11":"instock","12":"taxable","13":"shipping-taxable","14":"purchasable","15":"product-type-simple","16":"add-to-wishlist-after_add_to_cart"},"aioseo_notices":[],"_links":{"self":[{"href":"https:\/\/waifusonorense.com\/tienda\/wp-json\/wp\/v2\/product\/979","targetHints":{"allow":["GET"]}}],"collection":[{"href":"https:\/\/waifusonorense.com\/tienda\/wp-json\/wp\/v2\/product"}],"about":[{"href":"https:\/\/waifusonorense.com\/tienda\/wp-json\/wp\/v2\/types\/product"}],"replies":[{"embeddable":true,"href":"https:\/\/waifusonorense.com\/tienda\/wp-json\/wp\/v2\/comments?post=979"}],"wp:featuredmedia":[{"embeddable":true,"href":"https:\/\/waifusonorense.com\/tienda\/wp-json\/wp\/v2\/media\/1608"}],"wp:attachment":[{"href":"https:\/\/waifusonorense.com\/tienda\/wp-json\/wp\/v2\/media?parent=979"}],"wp:term":[{"taxonomy":"product_brand","embeddable":true,"href":"https:\/\/waifusonorense.com\/tienda\/wp-json\/wp\/v2\/product_brand?post=979"},{"taxonomy":"product_cat","embeddable":true,"href":"https:\/\/waifusonorense.com\/tienda\/wp-json\/wp\/v2\/product_cat?post=979"},{"taxonomy":"product_tag","embeddable":true,"href":"https:\/\/waifusonorense.com\/tienda\/wp-json\/wp\/v2\/product_tag?post=979"}],"curies":[{"name":"wp","href":"https:\/\/api.w.org\/{rel}","templated":true}]}}