{"id":934,"date":"2024-07-08T21:57:11","date_gmt":"2024-07-08T21:57:11","guid":{"rendered":"https:\/\/waifusonorense.com\/tienda\/?post_type=product&#038;p=934"},"modified":"2025-07-08T00:20:01","modified_gmt":"2025-07-08T00:20:01","slug":"ataque-de-los-titanes-n-23","status":"publish","type":"product","link":"https:\/\/waifusonorense.com\/tienda\/product\/ataque-de-los-titanes-n-23\/","title":{"rendered":"Ataque de los titanes n. 23"},"content":{"rendered":"","protected":false},"excerpt":{"rendered":"<p>Eren y compa\u00f1\u00eda conocen la verdad de este mundo gracias a los libros de Grisha. \u00bfCu\u00e1l ser\u00e1 el camino de Eren y los dem\u00e1s al enterarse de que m\u00e1s all\u00e1 de las murallas no est\u00e1 la libertad? El sentido de justicia de Eren destruir\u00e1 la isla Paradis e iniciar\u00e1 el infierno para \u00e9l y sus amigos&#8230;<\/p>\n","protected":false},"featured_media":751,"comment_status":"open","ping_status":"closed","template":"","meta":{"_monsterinsights_skip_tracking":false,"_monsterinsights_sitenote_active":false,"_monsterinsights_sitenote_note":"","_monsterinsights_sitenote_category":0},"product_brand":[],"product_cat":[57,33],"product_tag":[58,59],"class_list":{"0":"post-934","1":"product","2":"type-product","3":"status-publish","4":"has-post-thumbnail","6":"product_cat-ataque-de-los-titanes","7":"product_cat-mangas","8":"product_tag-ataque-de-los-titanes","9":"product_tag-shingeki-no-kyojin","11":"first","12":"instock","13":"taxable","14":"shipping-taxable","15":"purchasable","16":"product-type-simple","17":"add-to-wishlist-after_add_to_cart"},"aioseo_notices":[],"_links":{"self":[{"href":"https:\/\/waifusonorense.com\/tienda\/wp-json\/wp\/v2\/product\/934","targetHints":{"allow":["GET"]}}],"collection":[{"href":"https:\/\/waifusonorense.com\/tienda\/wp-json\/wp\/v2\/product"}],"about":[{"href":"https:\/\/waifusonorense.com\/tienda\/wp-json\/wp\/v2\/types\/product"}],"replies":[{"embeddable":true,"href":"https:\/\/waifusonorense.com\/tienda\/wp-json\/wp\/v2\/comments?post=934"}],"wp:featuredmedia":[{"embeddable":true,"href":"https:\/\/waifusonorense.com\/tienda\/wp-json\/wp\/v2\/media\/751"}],"wp:attachment":[{"href":"https:\/\/waifusonorense.com\/tienda\/wp-json\/wp\/v2\/media?parent=934"}],"wp:term":[{"taxonomy":"product_brand","embeddable":true,"href":"https:\/\/waifusonorense.com\/tienda\/wp-json\/wp\/v2\/product_brand?post=934"},{"taxonomy":"product_cat","embeddable":true,"href":"https:\/\/waifusonorense.com\/tienda\/wp-json\/wp\/v2\/product_cat?post=934"},{"taxonomy":"product_tag","embeddable":true,"href":"https:\/\/waifusonorense.com\/tienda\/wp-json\/wp\/v2\/product_tag?post=934"}],"curies":[{"name":"wp","href":"https:\/\/api.w.org\/{rel}","templated":true}]}}