{"id":929,"date":"2024-07-08T21:57:11","date_gmt":"2024-07-08T21:57:11","guid":{"rendered":"https:\/\/waifusonorense.com\/tienda\/?post_type=product&#038;p=929"},"modified":"2025-07-08T00:20:01","modified_gmt":"2025-07-08T00:20:01","slug":"ataque-de-los-titanes-n-18","status":"publish","type":"product","link":"https:\/\/waifusonorense.com\/tienda\/product\/ataque-de-los-titanes-n-18\/","title":{"rendered":"Ataque de los titanes n. 18"},"content":{"rendered":"","protected":false},"excerpt":{"rendered":"<p>El Cuerpo de Investigaci\u00f3n derroc\u00f3 a la monarqu\u00eda y barri\u00f3 el partido de la vieja dictadura. Debido al recientemente obtenido mineral resplandeciente y a la habilidad de endurecimiento de Eren, los preparativos para la misi\u00f3n de recuperaci\u00f3n de la Muralla Mar\u00eda avanzan a paso firme. Al mismo tiempo, \u00a1Reiner y Bertholdt preparan su posici\u00f3n para interceptarlos junto con los titanes bestiales!<\/p>\n","protected":false},"featured_media":741,"comment_status":"open","ping_status":"closed","template":"","meta":{"_monsterinsights_skip_tracking":false,"_monsterinsights_sitenote_active":false,"_monsterinsights_sitenote_note":"","_monsterinsights_sitenote_category":0},"product_brand":[],"product_cat":[57,33],"product_tag":[58,59],"class_list":{"0":"post-929","1":"product","2":"type-product","3":"status-publish","4":"has-post-thumbnail","6":"product_cat-ataque-de-los-titanes","7":"product_cat-mangas","8":"product_tag-ataque-de-los-titanes","9":"product_tag-shingeki-no-kyojin","11":"first","12":"instock","13":"taxable","14":"shipping-taxable","15":"purchasable","16":"product-type-simple","17":"add-to-wishlist-after_add_to_cart"},"aioseo_notices":[],"_links":{"self":[{"href":"https:\/\/waifusonorense.com\/tienda\/wp-json\/wp\/v2\/product\/929","targetHints":{"allow":["GET"]}}],"collection":[{"href":"https:\/\/waifusonorense.com\/tienda\/wp-json\/wp\/v2\/product"}],"about":[{"href":"https:\/\/waifusonorense.com\/tienda\/wp-json\/wp\/v2\/types\/product"}],"replies":[{"embeddable":true,"href":"https:\/\/waifusonorense.com\/tienda\/wp-json\/wp\/v2\/comments?post=929"}],"wp:featuredmedia":[{"embeddable":true,"href":"https:\/\/waifusonorense.com\/tienda\/wp-json\/wp\/v2\/media\/741"}],"wp:attachment":[{"href":"https:\/\/waifusonorense.com\/tienda\/wp-json\/wp\/v2\/media?parent=929"}],"wp:term":[{"taxonomy":"product_brand","embeddable":true,"href":"https:\/\/waifusonorense.com\/tienda\/wp-json\/wp\/v2\/product_brand?post=929"},{"taxonomy":"product_cat","embeddable":true,"href":"https:\/\/waifusonorense.com\/tienda\/wp-json\/wp\/v2\/product_cat?post=929"},{"taxonomy":"product_tag","embeddable":true,"href":"https:\/\/waifusonorense.com\/tienda\/wp-json\/wp\/v2\/product_tag?post=929"}],"curies":[{"name":"wp","href":"https:\/\/api.w.org\/{rel}","templated":true}]}}