{"id":2080,"date":"2024-07-10T20:20:37","date_gmt":"2024-07-10T20:20:37","guid":{"rendered":"https:\/\/waifusonorense.com\/tienda\/?post_type=product&#038;p=2080"},"modified":"2025-07-08T00:21:40","modified_gmt":"2025-07-08T00:21:40","slug":"komi-cant-communicate-n-22","status":"publish","type":"product","link":"https:\/\/waifusonorense.com\/tienda\/product\/komi-cant-communicate-n-22\/","title":{"rendered":"Komi Can&#8217;t Communicate  N.22"},"content":{"rendered":"","protected":false},"excerpt":{"rendered":"<p>Komi-san se siente emocionada mientras recorre Nueva York por primera vez. En el Puente de Brooklyn, que conecta a dos ciudades, Manbagi-san hace un anuncio. Komi-san y el resto quieren corresponder, \u00a1y dejan solos a Manbagi-san y a Tadano-kun! Es la primera vez que Komi-san siente ansiedad frente a su querida amiga. Al afrontar un coraz\u00f3n amable y agridulce con algo que no odia, pero tampoco le agrada, su comunicaci\u00f3n se ampliar\u00e1 todav\u00eda m\u00e1s. El tomo 22 de la comedia de la chica hermosa con ansiedad social, a quien querr\u00e1s abrazar.<\/p>\n","protected":false},"featured_media":2224,"comment_status":"open","ping_status":"closed","template":"","meta":{"_monsterinsights_skip_tracking":false,"_monsterinsights_sitenote_active":false,"_monsterinsights_sitenote_note":"","_monsterinsights_sitenote_category":0},"product_brand":[],"product_cat":[107,33],"product_tag":[108],"class_list":{"0":"post-2080","1":"product","2":"type-product","3":"status-publish","4":"has-post-thumbnail","6":"product_cat-komi-cant-communicate","7":"product_cat-mangas","8":"product_tag-komi-cant-communicate","10":"first","11":"instock","12":"taxable","13":"shipping-taxable","14":"purchasable","15":"product-type-simple","16":"add-to-wishlist-after_add_to_cart"},"aioseo_notices":[],"_links":{"self":[{"href":"https:\/\/waifusonorense.com\/tienda\/wp-json\/wp\/v2\/product\/2080","targetHints":{"allow":["GET"]}}],"collection":[{"href":"https:\/\/waifusonorense.com\/tienda\/wp-json\/wp\/v2\/product"}],"about":[{"href":"https:\/\/waifusonorense.com\/tienda\/wp-json\/wp\/v2\/types\/product"}],"replies":[{"embeddable":true,"href":"https:\/\/waifusonorense.com\/tienda\/wp-json\/wp\/v2\/comments?post=2080"}],"wp:featuredmedia":[{"embeddable":true,"href":"https:\/\/waifusonorense.com\/tienda\/wp-json\/wp\/v2\/media\/2224"}],"wp:attachment":[{"href":"https:\/\/waifusonorense.com\/tienda\/wp-json\/wp\/v2\/media?parent=2080"}],"wp:term":[{"taxonomy":"product_brand","embeddable":true,"href":"https:\/\/waifusonorense.com\/tienda\/wp-json\/wp\/v2\/product_brand?post=2080"},{"taxonomy":"product_cat","embeddable":true,"href":"https:\/\/waifusonorense.com\/tienda\/wp-json\/wp\/v2\/product_cat?post=2080"},{"taxonomy":"product_tag","embeddable":true,"href":"https:\/\/waifusonorense.com\/tienda\/wp-json\/wp\/v2\/product_tag?post=2080"}],"curies":[{"name":"wp","href":"https:\/\/api.w.org\/{rel}","templated":true}]}}