{"id":1162,"date":"2024-07-08T21:59:29","date_gmt":"2024-07-08T21:59:29","guid":{"rendered":"https:\/\/waifusonorense.com\/tienda\/?post_type=product&#038;p=1162"},"modified":"2025-07-08T00:20:18","modified_gmt":"2025-07-08T00:20:18","slug":"fire-force-n-9","status":"publish","type":"product","link":"https:\/\/waifusonorense.com\/tienda\/product\/fire-force-n-9\/","title":{"rendered":"Fire Force N.9"},"content":{"rendered":"","protected":false},"excerpt":{"rendered":"<p>\u00a1Shinra va en busca de su hermano! \u00a1El equipo del Octavo Cuerpo comienza la batalla subterr\u00e1nea! Siguiendo las pistas de Sho y el Predicador, el Octavo Cuerpo se dirige bajo tierra para encontrar la base enemiga. \u00a1Atacan al ej\u00e9rcito de encapuchados blancos en la regi\u00f3n prohibida! Divididos por el enemigo, cada miembro del Octavo Cuerpo tendr\u00e1 que pelear por separado. \u00a1Comienza la verdadera pelea de vida o muerte! Nuevamente se enfrentan hermano contra hermano. \u00a1Y Sho atacar\u00e1 a Shinra con su poder sobrenatural!<\/p>\n","protected":false},"featured_media":2133,"comment_status":"open","ping_status":"closed","template":"","meta":{"_monsterinsights_skip_tracking":false,"_monsterinsights_sitenote_active":false,"_monsterinsights_sitenote_note":"","_monsterinsights_sitenote_category":0},"product_brand":[],"product_cat":[89,33],"product_tag":[90],"class_list":{"0":"post-1162","1":"product","2":"type-product","3":"status-publish","4":"has-post-thumbnail","6":"product_cat-fire-force","7":"product_cat-mangas","8":"product_tag-fire-force","10":"first","11":"instock","12":"taxable","13":"shipping-taxable","14":"purchasable","15":"product-type-simple","16":"add-to-wishlist-after_add_to_cart"},"aioseo_notices":[],"_links":{"self":[{"href":"https:\/\/waifusonorense.com\/tienda\/wp-json\/wp\/v2\/product\/1162","targetHints":{"allow":["GET"]}}],"collection":[{"href":"https:\/\/waifusonorense.com\/tienda\/wp-json\/wp\/v2\/product"}],"about":[{"href":"https:\/\/waifusonorense.com\/tienda\/wp-json\/wp\/v2\/types\/product"}],"replies":[{"embeddable":true,"href":"https:\/\/waifusonorense.com\/tienda\/wp-json\/wp\/v2\/comments?post=1162"}],"wp:featuredmedia":[{"embeddable":true,"href":"https:\/\/waifusonorense.com\/tienda\/wp-json\/wp\/v2\/media\/2133"}],"wp:attachment":[{"href":"https:\/\/waifusonorense.com\/tienda\/wp-json\/wp\/v2\/media?parent=1162"}],"wp:term":[{"taxonomy":"product_brand","embeddable":true,"href":"https:\/\/waifusonorense.com\/tienda\/wp-json\/wp\/v2\/product_brand?post=1162"},{"taxonomy":"product_cat","embeddable":true,"href":"https:\/\/waifusonorense.com\/tienda\/wp-json\/wp\/v2\/product_cat?post=1162"},{"taxonomy":"product_tag","embeddable":true,"href":"https:\/\/waifusonorense.com\/tienda\/wp-json\/wp\/v2\/product_tag?post=1162"}],"curies":[{"name":"wp","href":"https:\/\/api.w.org\/{rel}","templated":true}]}}