{"id":1115,"date":"2024-07-08T21:58:54","date_gmt":"2024-07-08T21:58:54","guid":{"rendered":"https:\/\/waifusonorense.com\/tienda\/?post_type=product&#038;p=1115"},"modified":"2025-07-08T00:20:15","modified_gmt":"2025-07-08T00:20:15","slug":"dorohedoro-n-8","status":"publish","type":"product","link":"https:\/\/waifusonorense.com\/tienda\/product\/dorohedoro-n-8\/","title":{"rendered":"Dorohedoro N.8"},"content":{"rendered":"","protected":false},"excerpt":{"rendered":"<p>Shin descubre que los Ojos Cruzados, quienes se dedican al tr\u00e1fico de polvo negro y a otras actividades sucias, entrenan espec\u00edficamente para acabar con los hechiceros, pero se las arregla para rescatar a Noi y vencer al grupo del Bosque Hidra. Por su parte, Caim\u00e1n y Nikaido obtienen informaci\u00f3n relevante sobre los Ojos Cruzados y viajan a una ciudad que despierta algo en la memoria de Caim\u00e1n. Finalmente, Dokuga derrota a Risu y lo toma prisionero.<\/p>\n","protected":false},"featured_media":2149,"comment_status":"open","ping_status":"closed","template":"","meta":{"_monsterinsights_skip_tracking":false,"_monsterinsights_sitenote_active":false,"_monsterinsights_sitenote_note":"","_monsterinsights_sitenote_category":0},"product_brand":[],"product_cat":[81,33],"product_tag":[82],"class_list":{"0":"post-1115","1":"product","2":"type-product","3":"status-publish","4":"has-post-thumbnail","6":"product_cat-dorohedoro","7":"product_cat-mangas","8":"product_tag-dorohedoro","10":"first","11":"instock","12":"taxable","13":"shipping-taxable","14":"purchasable","15":"product-type-simple","16":"add-to-wishlist-after_add_to_cart"},"aioseo_notices":[],"_links":{"self":[{"href":"https:\/\/waifusonorense.com\/tienda\/wp-json\/wp\/v2\/product\/1115","targetHints":{"allow":["GET"]}}],"collection":[{"href":"https:\/\/waifusonorense.com\/tienda\/wp-json\/wp\/v2\/product"}],"about":[{"href":"https:\/\/waifusonorense.com\/tienda\/wp-json\/wp\/v2\/types\/product"}],"replies":[{"embeddable":true,"href":"https:\/\/waifusonorense.com\/tienda\/wp-json\/wp\/v2\/comments?post=1115"}],"wp:featuredmedia":[{"embeddable":true,"href":"https:\/\/waifusonorense.com\/tienda\/wp-json\/wp\/v2\/media\/2149"}],"wp:attachment":[{"href":"https:\/\/waifusonorense.com\/tienda\/wp-json\/wp\/v2\/media?parent=1115"}],"wp:term":[{"taxonomy":"product_brand","embeddable":true,"href":"https:\/\/waifusonorense.com\/tienda\/wp-json\/wp\/v2\/product_brand?post=1115"},{"taxonomy":"product_cat","embeddable":true,"href":"https:\/\/waifusonorense.com\/tienda\/wp-json\/wp\/v2\/product_cat?post=1115"},{"taxonomy":"product_tag","embeddable":true,"href":"https:\/\/waifusonorense.com\/tienda\/wp-json\/wp\/v2\/product_tag?post=1115"}],"curies":[{"name":"wp","href":"https:\/\/api.w.org\/{rel}","templated":true}]}}